4. Suppose -h = -4*w + 3*w. What is the remainder when 142 is divided by w?
34
Let m = 315 + 13. What is the remainder when m is divided by 15?
13
Let f be (1 - 1)/(15/5). Suppose -2*c + 0*a = -a + 38, -4*c + a - 72 = f. Let d = c - -46. What is the remainder when 113 is divided by d?
26
Calculate the remainder when (-18952)/(-48) + 10/(-12) is divided by 33.
31
Let k(b) = b**3 - 10*b**2 + 11*b - 7. Let g(c) = c**3 + 4*c**2 + 5*c + 5. Let r be g(-4). Let i = 24 + r. What is the remainder when 19 is divided by k(i)?
8
Let c(y) = 4*y - 2. Let a be 1/(-2)*(-11 - -25). Let o = -1 - a. What is the remainder when c(6) is divided by o?
4
Suppose 0 = 3*a - 127 - 83. What is the remainder when 208 is divided by a?
68
Suppose 2*k + k - n - 78 = 0, -5*k - n = -130. What is the remainder when 2*4/(-12)*-75 is divided by k?
24
Let h be -1*(-2 + -1) - -2. Suppose 5*f = 20, 3*w - 6 - 103 = h*f. Let o = w - 25. Calculate the remainder when 35 is divided by o.
17
Suppose 0 = -6*b + 45 + 117. Calculate the remainder when 70 is divided by b.
16
What is the remainder when 30 - -227 - (9 + 3) is divided by 58?
13
Let v = -91 - -208. What is the remainder when v is divided by 40?
37
Let p(k) = k**3 + 9*k**2 + 17*k + 16. Let v(n) = -n**2 + 8*n - 7. What is the remainder when p(-6) is divided by v(6)?
2
Let t be 2*3/(-2) + (-27)/(-9). Suppose -4*c - d - 3*d + 404 = 0, 5*d - 5 = t. Calculate the remainder when c is divided by 17.
15
Suppose 4*i + 0*i = 4*z + 12, 0 = 2*z + 2*i - 6. Suppose z*b - 4*b + 472 = 0. What is the remainder when b is divided by 20?
18
Suppose -7 = 2*c - 27. Suppose c*s - 7*s = 234. Calculate the remainder when s is divided by 20.
18
Suppose 0 = 21*d + 58 - 793. What is the remainder when 172 is divided by d?
32
Suppose 2*f - 6*f + 5*m + 23 = 0, m = -3. Let t(s) = -19*s**2 + s. Let d be t(1). Let w = d - -20. Calculate the remainder when f is divided by w.
0
Let a(t) = -16*t + 2. Let v be a(-5). Suppose 2*y + v = 4*f - 0*f, 5*f = y + 110. Suppose -2*w + 0*w = -24. Calculate the remainder when f is divided by w.
11
Let c(z) = z**3 + 7*z**2 - 27*z + 2. What is the remainder when c(5) is divided by 34?
31
Let y(a) = -3*a + 9. Let g be y(-9). Suppose 37*v - g*v - 4 = 0. Suppose -9 = -4*l + 31. What is the remainder when l is divided by v?
2
Calculate the remainder when (-24)/(-36)*317*(-6)/(-4) is divided by 20.
17
Let z = -14 - -19. Suppose -2*m + z = -1. What is the remainder when m is divided by 2 - (-1)/(2 + -1)?
0
Suppose 0 + 12 = 3*f. Suppose 11 = f*b - 89. Calculate the remainder when 74 is divided by b.
24
Suppose 4*r - 252 = 148. Suppose -3*q = l - 64, -3*l + 2*l = -q + 16. Suppose -q = 4*p, -4*s = 4*p - 8*p - r. What is the remainder when s is divided by 6?
2
Suppose -277 = a - 0*u + 5*u, -a + 2*u = 305. Let w = -135 - a. Suppose 4*j - 106 = w. Calculate the remainder when j is divided by 17.
16
Let p(j) = -j**2 + 13*j + 19. Let g be p(14). Suppose 4*f - 46 = -2*b, -41 = -g*b - 5*f + 59. Calculate the remainder when 101 is divided by b.
16
Let q = -19 - -33. Suppose -36*c + 40*c = 616. Suppose -9*z + 199 = c. Calculate the remainder when q is divided by z.
4
Let o(y) = 13*y**2 - 10*y - 2. What is the remainder when 169 is divided by o(3)?
84
Let s(q) = 5*q**2 - 8*q + 11. Let z be s(5). Suppose -4*a - 34 + z = 2*k, -5*k + 120 = 3*a. Let l = k + -1. Calculate the remainder when 78 is divided by l.
18
Suppose -5*s + 7*s + 78 = 4*p, 81 = 5*p + 3*s. Calculate the remainder when 106 is divided by p.
16
Let k = -3047 - -3260. Suppose -7*r - 20 = -3*r, -r - 149 = -4*s. Calculate the remainder when k is divided by s.
33
Let r be (-102)/27 + 4/(-18). Let z(m) = -3*m + 9. Calculate the remainder when 61 is divided by z(r).
19
Suppose 7*d = 3*d + 140. Let t = d + -20. Suppose -6*x + x + t = 0. Calculate the remainder when x is divided by 3.
0
Suppose 3*s = w + 11, 13 = 3*w - 5*w - 3*s. Calculate the remainder when 4/10 + (-696)/(-10) is divided by 2/w - 1679/(-92).
16
Let w = 110 - 106. Suppose -5*b + 62 = 3*t, w*t + 0*t - b - 52 = 0. What is the remainder when 54 is divided by t?
12
Let f(i) = 6*i + 144. Calculate the remainder when f(-21) is divided by 4 + (-1)/(1/(-4)).
2
Suppose 5*o = 16 + 4. Suppose 0 = -x + o*f + 36, x = 3*f + 27 + 5. Calculate the remainder when 79 is divided by x.
19
Let c = -539 + 629. Suppose 0 = -t + 2*t - 23. Calculate the remainder when c is divided by t.
21
Suppose 5*a + 2*o - 131 = 0, -4*o - 135 - 8 = -5*a. Suppose -b = 3 - a. Let w = 331 - 285. What is the remainder when w is divided by b?
22
Calculate the remainder when (-5797)/51*12/(-4) is divided by 86.
83
Let l(u) = -u**2 + 2*u - 5. Let w be l(3). Let h = 20 + w. Calculate the remainder when 22 is divided by h.
10
Let y = 28 - 24. Suppose 5*w + c = 175, -y*w - 5*c = -3*w - 11. Let f = w - 19. What is the remainder when f is divided by 4?
1
Let l = 28 + -23. Suppose 2*i + 2 = l*t - 0, -4*i + 14 = -t. Calculate the remainder when 31 is divided by ((-11)/i)/((-16)/64).
9
Calculate the remainder when 115 is divided by 0 + 67 + 1/(10/60).
42
Let g(y) = 16*y**2 + 4*y. Let r(j) = -15*j**2 - 4*j + 1. Let v(i) = 4*g(i) + 3*r(i). What is the remainder when v(-2) is divided by 12?
11
What is the remainder when 73 is divided by (4 - 3 - -5) + 9?
13
Let d(y) = y**3 + 4*y**2 - 7*y + 7. Calculate the remainder when 88 is divided by d(2).
3
Calculate the remainder when 70 is divided by ((-1350)/100)/((-3)/16*2).
34
What is the remainder when (-140)/(-8)*44/7 is divided by 16?
14
Suppose 2 = q - 4*d + 6, 2*q - 3*d - 12 = 0. Suppose -3*k + 4*y = -q - 79, 3*k + 5*y = 82. Suppose 5*m - 11 = k. What is the remainder when 22 is divided by m?
6
Suppose -40*p - 187 = -51*p. What is the remainder when 135 is divided by p?
16
Suppose 0 = 10*l - 17*l + 91. What is the remainder when 86 is divided by l?
8
Let f = -637 + 660. Calculate the remainder when 272 is divided by f.
19
Suppose 0 = -51*t + 56*t - 1760. What is the remainder when t is divided by 3?
1
Suppose -8*w = -6*w. Suppose w*t - 118 = -4*k + 2*t, 0 = k + 2*t - 37. Suppose 73 - k = u. Calculate the remainder when u is divided by 15.
12
Let z(i) = 3*i + 18. Let h = -66 + 61. What is the remainder when 4 is divided by z(h)?
1
Let f = -668 + 671. Let i = -48 + 84. Suppose i = m + 3*m. Calculate the remainder when m is divided by f.
0
Let w = 31 - 24. Let p(q) = -3*q**3 + 6*q**2 - 2*q + 2. Let u be p(4). What is the remainder when -1 + u/(-3) + -1 is divided by w?
4
Let y be 5/(-2)*(-156)/(-13). Let b = y + 44. What is the remainder when 54 is divided by b?
12
Suppose 0 = 5*l - 9*l + 24. Suppose 2*k - 144 = 2*y - l*y, 4*y - 3*k = 144. Calculate the remainder when 106 is divided by y.
34
Let g(h) = 17*h**3 + h**2. Calculate the remainder when g(1) is divided by 10/6*612/170 - 2.
2
Let c(w) = 9*w - 38. Let g(s) = -28*s + 114. Let o(h) = 7*c(h) + 2*g(h). What is the remainder when o(11) is divided by 2/4 + 27/2?
11
Suppose 4*l = -5*j - 7 + 3, 0 = 3*l + 3. Suppose j = a - 17 - 0. What is the remainder when 64 is divided by a?
13
Let n = 18 - 11. Let g(u) = -5*u - 4 - 4 + 3*u - u**3 + n*u**2. Calculate the remainder when 30 is divided by g(6).
14
Let n(m) = -m + 0 + 2 + 6 + 1. Let f be n(7). Suppose -2*a = f*a - 48. What is the remainder when 21 is divided by a?
9
Let r(c) = -3*c - 3*c**2 - 6*c**2 - 3*c**2 - 6 - 5 - c**3. Let k be r(-12). What is the remainder when (-65)/2*(-30)/k is divided by 14?
11
Calculate the remainder when 604 is divided by ((-40)/20)/((-6)/87).
24
Let l(r) = 11*r + 104. What is the remainder when 122 is divided by l(-9)?
2
Suppose 0*r + g = -4*r - 35, 5*r = -2*g - 43. Let i(t) = -2*t + 18. What is the remainder when i(r) is divided by 13?
10
Suppose 20 = -4*t, 2*t - 7 = -2*r - 21. Let m be 8/20*(-3 + r). Let o = m - -8. Calculate the remainder when 21 is divided by o.
3
Let w(z) be the first derivative of z**4/2 - z**3 - 3*z**2 + 7*z + 8. Calculate the remainder when 2/(-4) - (-615)/10 is divided by w(3).
13
Let d(o) = 3*o - 1. Let z be 69/9 - 1/(-3). Let l = -106 + 114. What is the remainder when d(z) is divided by l?
7
Calculate the remainder when (-64)/24*(-375)/10 is divided by 88.
12
Let t = 5 + -1. Suppose -t*l + 497 = -k, 5*k = -20 - 5. What is the remainder when l is divided by 42?
39
Let a be (-1 + -2